 0*v - 4*v - 2*o + y = 0, v + 3*o - 6 = 0. What is the greatest common factor of 6 and v?
6
Suppose -4*w + o + 117 = -2*o, 0 = -3*w + 4*o + 86. What is the highest common factor of w and 20?
10
Let n(q) = q**2 + 11*q + 2. Let k be n(-11). Let z(i) = 5*i - 1. Let c be z(k). Calculate the highest common divisor of 9 and c.
9
Suppose -l - l - 110 = 0. Let t = 121 + l. Calculate the highest common divisor of t and 6.
6
Let n be ((11 - -1)/3)/((-5)/(-50)). Calculate the highest common factor of n and 360.
40
Suppose 2*x + 352 = 10*x. What is the greatest common divisor of x and 484?
44
Let p = 137 - 220. Let i = -38 - p. What is the highest common divisor of 18 and i?
9
Suppose 4*i = -3*p - p + 16, 4*p = -3*i + 12. Suppose p = -0*g + 4*g - 100. Let z = 57 - 52. Calculate the greatest common divisor of z and g.
5
Suppose 3*j = 4*c - 12, 6*j = j. Suppose 5*z + c*m = 4*z + 54, m = 4*z - 177. Calculate the greatest common divisor of z and 18.
9
Suppose 0 = 3*w - 9, 2*w - 126 = -3*n - 2*n. Let g = 579 - 571. Calculate the highest common divisor of n and g.
8
Suppose i - 3*i + 3*b = -487, -2*i + 488 = -2*b. Let d = -14 + i. Calculate the greatest common factor of d and 21.
21
Suppose -2*f = 0, f - 28 = -3*v - v. What is the highest common divisor of v and 7?
7
Let s(r) = 7*r**2 + r - 6. Let g be s(-6). Calculate the greatest common factor of 30 and g.
30
Suppose -180 = 2*p - 7*p - 5*c, 0 = -4*c + 16. What is the highest common factor of 2 and p?
2
Let w = 7 - 1. Let i = w - -30. What is the highest common factor of 36 and i?
36
Let q = 12 + -2. Calculate the highest common factor of q and 40.
10
Suppose 1 = 27*j - 26*j. Calculate the greatest common divisor of j and 1.
1
Suppose 4*m + h = -3*h + 8, -5*m + 2*h = -24. Let l be m/(-20) - 3468/(-15). What is the greatest common factor of l and 21?
21
Suppose -4*u - 8 = 0, 0*u + 3*u = -5*h + 9. Let w = 13 - h. Let o = 3 + -2. Calculate the greatest common factor of o and w.
1
Suppose s + 5*u = -4*s + 295, -u = 3*s - 167. Let x = -4 - -10. Calculate the highest common factor of s and x.
6
Suppose -3*i + 3 = 0, -3*v + 2*i = 4*i - 29. Calculate the highest common factor of 1 and v.
1
Suppose -3*d + 227 = -13. Suppose 240 = -i + 6*i. Suppose 0 = -4*z + z + i. Calculate the highest common divisor of d and z.
16
Let j(n) = -2*n - 22. Let q be j(-17). What is the highest common factor of 42 and q?
6
Suppose k - 8 + 4 = 0. Suppose 2*o - 3*a + 129 = 6*o, 5*a + 105 = k*o. Calculate the highest common divisor of 6 and o.
6
Suppose 0 = -2*g + 4*g - 6. Suppose -4*k + 54 = -g*k. Calculate the highest common divisor of k and 18.
18
Suppose 5*n - 5 = 15. Let x(r) = -6*r. Let y be x(-2). Suppose -4*c + y = -3*c. Calculate the highest common factor of c and n.
4
Let z(q) = -q**2 + 10*q + 10. Let i be z(8). What is the greatest common factor of 39 and i?
13
Let n = 2 + 1. Suppose -2*h - 3*l = 11, 2*l - 13 = -4*h + n*l. Let t be 14 - (-1 + h)*0. What is the highest common divisor of 35 and t?
7
Suppose 9 = 3*l - 2*c - 7, 2*l - 6 = -c. Let f be 143/l + (-2)/(-8). Calculate the greatest common divisor of f and 9.
9
Suppose g - 10 = -4*g. Let b be ((-28)/(-2))/(g/1). Calculate the greatest common divisor of b and 28.
7
Let k(c) = -2*c**2 + c + 19. Let q be k(0). What is the highest common divisor of 171 and q?
19
Let b(t) = 6*t**2 + 6*t. Let o(m) = -m**3 - 7*m**2 + 2*m + 9. Let y be o(-7). Let q be b(y). What is the highest common divisor of 12 and q?
12
Let w be (-3 - 15)*(-12 - -2). Let p = 40 + -20. What is the greatest common divisor of p and w?
20
Let a(j) = -2*j**2 + 6*j. Let n be a(3). Suppose n = u + 2*u - 63. Suppose -4*z + 44 = -4*v, v + 1 - 25 = -4*z. Calculate the greatest common factor of z and u.
7
Let i = -69 - -74. Calculate the greatest common factor of i and 35.
5
Let m = -38 - -56. What is the greatest common divisor of m and 108?
18
Suppose 3*n - 189 = -5*x + 419, 2*n - 2 = 0. Calculate the greatest common divisor of x and 11.
11
Let q = 13 + -10. Let d = 13 - q. Calculate the highest common factor of d and 110.
10
Let d be 6*(-2 - (-9)/6). Let s = d + 13. Suppose g - m = 11, -3*g + 31 = m + 2. Calculate the highest common factor of s and g.
10
Suppose -3*c + 4*s = 32, -5*c + 2*s - 58 = -0*c. Let m be -190*(-2 - c/10). Suppose m - 422 = -3*t. What is the highest common divisor of 36 and t?
18
Let b(n) = 2*n**2 - 17*n - 7. Let g be b(13). Calculate the highest common factor of 44 and g.
22
Let t be (-4)/(-16) + 918/8. Let g = -73 + t. Calculate the highest common divisor of g and 28.
14
Let y(w) = -3*w + 5. Let g be y(-4). Let l = 30 - g. Calculate the greatest common factor of 143 and l.
13
Suppose 3*y = -4*f + 21, f - 12 = -4*f + y. Suppose 4*h = 3*g + f - 6, g - 8 = -h. What is the highest common factor of 15 and g?
5
Let x = 19 - -5. Calculate the highest common divisor of 48 and x.
24
Let g(w) = 2 + 0*w**2 + w**2 + 3 + 4*w. Suppose -2*k = 2*k + 16. Let r be g(k). Calculate the greatest common factor of 5 and r.
5
Suppose 5*m = 8*m - 9. Suppose -m*d + 588 = 4*b, b - 46 = d + 94. Calculate the greatest common divisor of b and 16.
16
Let r(j) = -2*j**3 - 9*j**2 + 12*j + 24. Let q be r(-7). Calculate the highest common factor of 37 and q.
37
Suppose 0 = 4*q + q. Suppose 53 = 3*f + 2*c, 3*f + f + c - 64 = q. What is the highest common factor of 105 and f?
15
Let s(a) = 2*a + 7. Let t = 3 + 4. Let f be s(t). What is the greatest common divisor of 14 and f?
7
Let t(w) = -w**3 + 8*w**2 - 2*w. Let g be t(3). Suppose -k = k - 52. Calculate the highest common factor of k and g.
13
Suppose -36*f + 29*f = -266. Calculate the greatest common divisor of f and 190.
38
Suppose -2*n = 2, -5*k + 4*n - 61 = -545. Let m be 0/(-1) + k/2. Calculate the greatest common factor of m and 16.
16
Let c(f) = f**3 + 10*f**2 - 2*f - 6. Let y = 19 + -29. Let g be c(y). Calculate the greatest common divisor of g and 154.
14
Let n(s) = -s**3 - 5*s**2. Let z be n(-5). Suppose 2*c + 2*c = z. Suppose -p - 4*w + 31 = 0, 0 = w - c*w + 1. Calculate the greatest common divisor of p and 7.
7
Let c = 207 - 52. What is the highest common divisor of 62 and c?
31
Suppose 32 = -3*a + 68. Let b = 1 - -2. What is the greatest common factor of b and a?
3
Let j be (-4)/2*(-6 - 1). Let a = j - -42. Suppose -19 = -4*i - 3*g, 0*g - 5*g - 15 = 0. Calculate the greatest common factor of i and a.
7
Let x(f) = -f**2 - 15*f - 3. Let p be x(-14). Calculate the highest common divisor of p and 33.
11
Let o(p) = p**2 - 6*p - 16. Let h be o(14). What is the highest common factor of h and 6?
6
Suppose 0 = -k - 2 + 5. Suppose -k*g - 4*h + h = 9, -g = 2*h. Let y(x) = -7*x + 7. Let z be y(g). Calculate the highest common factor of 7 and z.
7
Suppose 7*o = 2*o + 350. Let d = o + -44. Calculate the highest common factor of 65 and d.
13
Let q be 0 + 0 - (0 - 0). Suppose q = -4*t + t + 6. Let n be (-3)/(-1) - (1 + -1). Calculate the greatest common divisor of n and t.
1
Suppose -534 = -4*s + 2*i, -16 = -2*i - 6. Suppose 0 = -0*r + 2*r - s. What is the highest common factor of r and 17?
17
Let t be 2 + (3 - 2)*31. Suppose 5*z - 12 = z. Calculate the highest common factor of z and t.
3
Let n(u) = -u**2 - 14*u + 5. Let x be n(-14). What is the greatest common divisor of 40 and x?
5
Suppose 0 = h - 5*o + 7 - 0, -2*h + 8 = o. Let a = h - -3. Calculate the greatest common factor of 12 and a.
6
Suppose -3 = 5*z - 23. Let c = z + 1. Calculate the highest common divisor of c and 20.
5
Let p = 107 + -62. Suppose 5*s - 21 = 4*u - 2*u, 5*u = -s + 15. Calculate the highest common factor of s and p.
5
Suppose 4*f = -5*a + 191, -f = -2*a + a + 31. What is the greatest common divisor of a and 7?
7
Let w(i) = i + 2. Let g be w(-2). Suppose g = -3*r + 8 + 7. Let a = r + 13. What is the highest common factor of 6 and a?
6
Let h(b) = b**2 + 15*b - 11. Let c be h(-16). Suppose -c*w + 4*q + 154 = -3*w, -5*w + 380 = -5*q. Calculate the highest common factor of w and 30.
15
Suppose x = b + 55, -x = 3*b - 47 - 4. What is the greatest common divisor of x and 6?
6
Let w(u) = -u**2 - 11*u + 16. Suppose 5*a + 20 = 0, a + 15 = -v - 0*v. Let t be w(v). What is the highest common divisor of 128 and t?
16
Suppose -142 = -3*v + 4*d, 5*v - 2*v + 5*d = 106. Calculate the greatest common factor of v and 6.
6
Su